 is the thousands digit of x?
6
Suppose -23330 = -a - 4*i, -100*a + 4*i = -103*a + 69958. What is the ten thousands digit of a?
2
What is the thousands digit of (12814/430 - (4 + -1))/((-2)/(-250))?
3
Let w(f) = 3*f + 18. Let h be w(6). Suppose 36*a = 33*a + h. Suppose 15*x - a*x = 204. What is the tens digit of x?
6
Let j(f) = 192*f**2 - 2*f + 2. Let t(a) = -a**3 + 7*a**2 + 22*a - 38. Let y be t(9). What is the hundreds digit of j(y)?
7
Suppose -11*y + 1030 = -1665. Suppose 9*o - y = 1537. What is the units digit of o?
8
Let i = -51 - -86. Suppose 40*h - 265 = i*h. What is the units digit of h?
3
Suppose -3912243 - 160902 = -367*a + 2756725. What is the hundreds digit of a?
6
Suppose 5*t = -10*a + 7*a + 13, 0 = -a - 5*t + 21. What is the tens digit of 437 - ((-3)/a)/((-11)/44)?
4
Let q = 1011 + -1008. What is the tens digit of -2 + q + (2 - -311)?
1
Let g = 555 - 551. Suppose -3*n = 2*d - 1094, g*n + 4*d - d - 1457 = 0. What is the units digit of n?
8
Suppose 34*t - 38*t + 4308 = 0. Let v = 2286 - t. What is the tens digit of v?
0
Suppose 2*j + 2*z = 18464, 134*z - 129*z = -3*j + 27694. What is the tens digit of j?
3
Suppose -9*i - 2*v = -156209, -2*v + 6469 = 2*i - 28241. What is the hundreds digit of i?
3
Let j(q) be the first derivative of q**3/3 + 6*q**2 + 50*q + 56. What is the units digit of j(-18)?
8
Suppose -4*n - 20 = 0, 3*n = -h + 4*n + 11. Suppose -h*k + 4 = -5*k. Suppose k*g - 12 = 192. What is the units digit of g?
1
Let n = -21099 - -55136. What is the ten thousands digit of n?
3
Let r(c) = 10*c - 34. Let b = 79 - 67. Let t be r(b). Suppose 0 = -3*g - 4*x + 826, -g - x + t = -188. What is the units digit of g?
0
What is the hundreds digit of 2356 - (1068/(-120) + (-13)/130)?
3
Suppose 104 = 7*z - 113. Suppose 820 = -21*l + z*l. What is the tens digit of l?
8
Suppose 5*z + 20 = 0, 24 + 8 = 2*f - 3*z. Suppose f*o = -3*o + 6357. What is the hundreds digit of o?
4
Let o(a) = 114*a - 350. What is the thousands digit of o(74)?
8
Suppose 0 = -3*i + 4*o + o - 16, 5*o - 25 = 0. Let j be (1 + (-1)/i)/((-3)/(-2043)). Suppose -3*c + j = -254. What is the hundreds digit of c?
2
Let g = -577 - -948. Suppose 0*u + g = -4*u + 3*d, 5*u + 487 = -4*d. Let p = u + 133. What is the tens digit of p?
3
Suppose -d + 4*b = 7*b - 329, 0 = -4*d - b + 1349. Suppose -d = -25*l + 23*l. What is the units digit of l?
9
Let j = 57303 + -31763. What is the tens digit of j?
4
Suppose 496*k - 498*k + 12704 = 0. What is the tens digit of k?
5
What is the thousands digit of ((12228 - 1) + 5 + -11)*1?
2
Let v be 2/(-5) - (-201)/15. Suppose -v*c + 12*c = -292. What is the units digit of c?
2
Suppose 4*k + 24 = 0, -3*k = 22*s - 19*s - 30186. What is the thousands digit of s?
0
Suppose f = -4*i - 168, 0*f = -2*i + 5*f - 106. Let j = 31 + i. What is the tens digit of 53/(2/(j/(-3)))?
0
Let t = 9375 - 2050. What is the units digit of t?
5
Let b(y) = -y**3 + 37*y**2 - 99*y - 65. Let n be b(33). Suppose -13309 = -15*l - n. What is the tens digit of l?
1
Suppose 0 = -l + 2*l - 3. Let i = 380 + -380. Suppose i = -l*a - 0*a + 252. What is the tens digit of a?
8
Suppose 0 = 3*n, 0 = l - 0*l - 4*n - 260. Let q be 2*2/(-8)*l/(-2). Suppose -q*b + 68*b - 534 = 0. What is the units digit of b?
8
Let y(w) = -w - 5. Let i be y(25). Let v = 428 + i. What is the units digit of v?
8
Suppose 5 = 2*j + 2*x - 1, -4*j = 2*x - 10. Suppose 2*m - 36 = 5*r + 137, 4*m - j*r = 354. Let s = 164 - m. What is the tens digit of s?
7
Let s(w) = w**3 + 7*w**2 + 12*w + 34. Let i be s(-6). What is the units digit of (-675)/(-10) + (-1)/i?
8
Let y(g) = g**3 - 11*g**2 + 18*g + 5. Let x be y(9). Suppose -13*l + 15*l + 4*t = 2008, 5*l + x*t - 5030 = 0. What is the hundreds digit of l?
0
Suppose -5*u = -4*i + 8 + 7, i + 3 = -u. Suppose -324*q + 317*q + 5670 = i. What is the units digit of q?
0
Let x(j) = -j**3 + 57*j**2 - 55*j - 171. What is the thousands digit of x(34)?
4
Let p = 1906 - 750. What is the hundreds digit of p?
1
Let y be 42/(-6)*12/(-4). Suppose 0 = -d + 5*c + y, -3*d + 33 = -0*c - 5*c. What is the tens digit of (((-342)/4)/1)/((-3)/d)?
7
Let b(z) = -z + 8. Let j be b(5). Let s(n) = 34*n + 446. Let d be s(-13). Suppose 0 = -j*x - d*v + 516, v = 5*x - 3*v - 860. What is the units digit of x?
2
Suppose -37 = -5*n + q, -8*q - 36 = -3*n - 12*q. What is the hundreds digit of 1270/n*9/18*8?
6
Let i(d) = -d**3 + 5*d**2 + 12*d + 18. Let v be i(7). Suppose -h + 572 = 4*f, v*h + 736 = 6*f - f. What is the units digit of f?
4
Let p be (4 - 6 - -5)/((-2)/(-42)). Let n = p - 234. Let d = 294 + n. What is the tens digit of d?
2
Let k(s) = -s**2 + 15*s + 14. Let q be k(14). What is the hundreds digit of (720/q)/(27/882)?
8
Let a be (-22)/(-110) - 2/(1*10). Suppose a = -126*l + 125*l + 99. Suppose 2*y - l = 211. What is the tens digit of y?
5
Suppose -14*b + 209100 + 401572 + 110958 = 0. What is the thousands digit of b?
1
Let m be (-12 - 17)*(0 - 1). Let x = 31 - m. Suppose -x*c - 2*b + 290 = 0, 2 = 2*b - 2. What is the units digit of c?
3
Let r(h) be the second derivative of -103*h**3/3 - 5*h**2/2 - 6*h - 2. Let m be r(1). Let l = m + 300. What is the units digit of l?
9
Let s = 3532 - 1512. Let k = s - 1144. What is the tens digit of k?
7
Let x(q) = -67*q - 78276 - 50*q + 78309. What is the tens digit of x(-5)?
1
Suppose -11*p - 537 = 2422. Let r = 288 + p. What is the tens digit of r?
1
Let q(t) = 33*t + 0*t + 192 + t**2 + 69 - 5*t. What is the units digit of q(-13)?
6
Let q = 39 - 37. Suppose -r + 195 = -6*z + q*z, -4*r + z = -825. What is the hundreds digit of r?
2
What is the tens digit of (-468)/(-182)*6181/2?
4
Suppose 4*b + 28 = 24. What is the tens digit of (b - 158)/((-18)/6)?
5
Let m = 800 + -356. What is the hundreds digit of m?
4
Let d(l) = -l**2 - l - 2. Let n be d(2). Let p be (-1)/4 - 82/n. Suppose -7*x + p*x - 723 = 0. What is the tens digit of x?
4
Let d(p) = 29*p**2 + 5*p + 1. Let u be d(2). Suppose -8*z = -257 - u. What is the tens digit of z?
4
Let p be 33/6 - 2 - 15/10. Let d = p - 0. Suppose -6*k + 392 = -2*k + 5*c, 0 = d*k + 4*c - 196. What is the units digit of k?
8
Suppose 4*k - 14*q = -12*q - 1986, 3*q = -2*k - 973. Let p = 876 + k. What is the units digit of p?
2
Suppose -20*y = 14*y + 658240. What is the units digit of y/(-25) - (-7)/(105/(-6))?
4
Suppose 0 = z - 4*y - 33949, -2*z + 29*y - 32*y = -67975. What is the ten thousands digit of z?
3
Suppose 4*p - a - 172790 = 0, -5*p + 63*a = 61*a - 215986. What is the units digit of p?
8
Let i = 65 - 62. What is the units digit of (945/140)/(i/488)?
8
Suppose 10 = g + 3*v, g - 3*v + 7 - 11 = 0. Suppose i - 2*i = 0. Suppose -x + 29 - g = i. What is the units digit of x?
2
Let t(q) = q**2 + 9*q - 24. Let g be t(28). Let b = g - 805. What is the units digit of b?
7
Let m(c) = 125*c**2 + 18*c + 5. Let j be m(-4). Suppose 119 = y - b - 264, -b = 5*y - j. What is the tens digit of y?
8
Let r = 129 + -104. Let l(u) = -35*u - 3. Let w be l(-3). Let i = w - r. What is the units digit of i?
7
Let v(z) = -244*z - 898. What is the units digit of v(-14)?
8
Suppose f - 3*c = 3669, -10*f + c - 18345 = -15*f. What is the tens digit of f?
6
Let k(z) = 2*z**2 - 40 + 60 + 9*z - 33. Let w be k(-6). Suppose -4*x = w*q - 223, 0 = -4*q - 5*x + 6*x + 170. What is the units digit of q?
3
Let v = 15 + -13. Let k be (-10)/(-35)*1*-2*-7. Suppose v*m + 378 = 4*n, 5*m = k*n - 498 + 129. What is the tens digit of n?
9
Let a(y) = y**2 - 14*y + 30. Let w be a(14). Suppose -4*z - 21 + 58 = 5*h, -w = -5*z - 3*h. What is the tens digit of (-1 - -3) + (-9)/z + 31?
3
Suppose -v = -5*h + 633, 9*h - 4*h - 4*v = 642. Let f = 199 + h. What is the tens digit of f?
2
Suppose 109*l - 9*l - 8630180 = -90*l. What is the hundreds digit of l?
4
Let y(u) = -31*u**3 - 3*u**2 + 13*u + 26. Let m be y(-2). Suppose 0 = 3*c - 6, 0 = -5*g + 4*c + 50 + 1667. Let s = g - m. What is the tens digit of s?
0
Let a be (0 + 1)*(-15 + 17). Suppose -4*c - v + 183 = 0, -2*c - a*v = -7*c + 232. What is the tens digit of c?
4
Suppose -l = 3*c - 167, l = 2*l + 4*c - 172. What is the units digit of (-44)/2*l/(-16)?
9
Suppose 5*k + 8*q = 10*q + 44514, -3*q - 8908 = -k. What is the thousands digit of k?
8
Let f(g) = 57*g**2 - 29*g + 10. What is the tens digit of f(14)?
7
Let y = 63 - 57. Suppose 1522 - 